Let b(r) = 0*r**3 + r**3 + 5*r**2 - r + 1 - 4*r**2. Let i be 2*(-3)/(-4 - -1). Give b(i).
11
Let d(r) be the third derivative of r**4/24 - 2*r**3/3 + r**2. Suppose 6*a = -2 + 20. Give d(a).
-1
Let n(r) = 3*r + 1. Let m(v) = 5*v + 2. Let j(t) = 4*m(t) - 7*n(t). Determine j(0).
1
Let n(u) = 8 + u + 4*u - 2*u - u**2 + 3*u. What is n(7)?
1
Let r(u) = 21*u**2 - 7*u - 3. Let i(o) = 11*o**2 - 4*o - 2. Let q(s) = 5*i(s) - 3*r(s). Calculate q(1).
-8
Let n(r) = 2. Let l(g) = g. Let b(m) = -m**2 + 4*m - 3. Let w be b(2). Let s(c) = w*l(c) - n(c). Give s(2).
0
Let m(w) = -w**2 + 8*w - 6. Suppose x + 13 = 2*x - 2*s, 2*s = 2*x - 18. Suppose 0 = f - 4*a + 8, x*a + 9 - 21 = f. Let h = -3 + f. Calculate m(h).
9
Let d(k) = k**2 + 2*k - 1. Let w be -10*(-4)/16*6. Suppose 9*v - 4*v + w = 0. What is d(v)?
2
Let s(r) = -r**3 + r**2 - r - 1. Let h = 24 - 22. What is s(h)?
-7
Suppose -b + 54 = -7*b. Let p(t) = t**3 + 8*t**2 - 9*t + 6. Give p(b).
6
Let b(c) = -7*c - 2. Let u(n) = -6*n - 1. Suppose 4*q = -4, -4*x + 5*x - 3*q + 2 = 0. Let p(a) = x*b(a) + 6*u(a). Suppose d = 2*d - 3. What is p(d)?
1
Let y(a) = -2*a**2. Suppose -5*t - 5 = -3*r, -3*t = 3*r - 1 + 4. Let j = r + -6. Let x be (-3)/j + 1/2. What is y(x)?
-2
Let q(n) = 7*n. Let s(z) = 14*z + 2. Let r be s(2). Let d be (r/(-25))/(2/(-5)). Suppose 3 = -0*v + d*v. Determine q(v).
7
Let v(n) be the first derivative of 2*n**3/3 - 12. What is v(-1)?
2
Let w(g) = -2*g**2 + 3*g + 3. Let f(x) = -x**2 - 3*x + 5. Let h be f(-4). Let u(i) = -i**3 + 1. Let a be u(h). Suppose 3 = b - a*b. Give w(b).
-6
Suppose 4 + 44 = -3*l. Let c be (1/4)/((-4)/l). Let a(x) = x + 1. What is a(c)?
2
Let a(z) be the third derivative of -z**6/120 + z**5/20 + z**4/24 + 5*z**3/6 - 39*z**2. Calculate a(4).
-7
Suppose -5*p - 17 = 3*h, 3*p = -p - 16. Let j(g) be the first derivative of 0*g - 2*g**2 + h - 1/3*g**3. Give j(-4).
0
Let h(x) be the second derivative of x**5/20 + x**4/3 + x**3/6 - x**2 + 20*x. Suppose -2*q - 2*q = 12. Determine h(q).
4
Let c(b) = -17*b + 18. Let i(k) = -11*k + 12. Let m(h) = -5*c(h) + 8*i(h). Suppose -2*w - w + 15 = 0. Determine m(w).
-9
Let d(i) = i**2 + 5*i + 6. Let x(m) = -m**2 + 17*m + 33. Let l be x(19). Calculate d(l).
6
Let n(k) be the second derivative of 0 + 5/6*k**3 - 3*k**2 + k + 1/12*k**4. Calculate n(-6).
0
Let z(b) = -b**3 + 7*b**2 - 6*b - 2. Let c be (-6 - 3)*(-4)/6. What is z(c)?
-2
Let i(v) = v**2 + v - 3. Let d be i(-3). Suppose -z = 2*z + d. Let m(u) = 5*u**3 - 2*u**2 + 1. Give m(z).
-6
Let y(w) = -w**2 - 5*w. Suppose 2*g - 2 = -r, 2*r = -3*g + 1 + 3. Suppose 5 = r*q + 19. Let k(p) = 2*p + 9. Let b be k(q). Calculate y(b).
0
Let y(w) = w**2 - 2*w - 6. Let d(i) = -i**2 + 3*i + 7. Let f(s) = -2*d(s) - 3*y(s). What is f(3)?
-5
Let t(u) = -u**2 + 4. Suppose 0 = -4*g - 4 - 4. Let q be (g + 0)*12/8. Give t(q).
-5
Let w be (-1)/(-2)*16/4. Suppose -4*p = w - 42. Let y(k) = -k + 6. Let n be y(p). Let d(i) = -i**3 - 3*i**2 + 6*i + 1. Give d(n).
-7
Suppose 5*z + 18 = -4*p, p + 6*z - 3*z + 8 = 0. Let g(n) = 2*n**3 + n**2 - 2*n. Give g(p).
-8
Let r(h) = -h**3 - h**2 - 1. Let f(x) = -6*x**3 - 2*x**2 - x - 7. Let z(t) = -f(t) + 5*r(t). What is z(2)?
0
Let v(c) = c - 1. Let z(n) = -n - 11. Let l be z(-18). Calculate v(l).
6
Suppose -3*b + 5 = p, -4*b - 1 = -5*p - 14. Suppose -2*i - 30 = -4*y, 2*i + 31 - 11 = b*y. Let g(v) = v**3 + 6*v**2 + 3*v + 1. Calculate g(i).
11
Let m(d) = -d**2 - 7*d - 3. Let i be m(-7). Let y(k) be the first derivative of k**5/60 + k**3 + 3. Let p(w) be the third derivative of y(w). Give p(i).
-6
Let h be (-1 + 2)/(4/8). Let x(r) = -2*r**h - 7 + r**2 - 3*r - 3*r. What is x(-5)?
-2
Suppose -3*f + 3 = 5*n, -2*f - 1 = 2*n + 1. Suppose -n*z + 15 = 0, -5*r - 4*z + 16 = -4*r. Let o(c) = c**2 + 3*c - 3. Give o(r).
1
Let s(r) be the first derivative of -r**3/3 + 2*r**2 + r - 7. Let o(c) = 3*c - 3. Let p be o(2). Calculate s(p).
4
Suppose 3*f = p - 13, 1 = p + 5*f + 12. Let o be (p/2)/((-12)/(-18)). Suppose 2*l + 2*a - 10 = 0, -o*l = 2*a - 3*a + 5. Let q(w) = w - 5. Give q(l).
-5
Let t be (-2 + -16)*(-2)/4. Suppose -5*f + 2*h = h, -4*f + t = h. Let q(s) = 13*s + 2. Let o(a) = 19*a + 3. Let w(k) = 5*o(k) - 7*q(k). Calculate w(f).
5
Let i(d) = d**3 + 4*d**2 - 3. Let r(h) = 2*h. Let u be r(5). Let t be u/55 - (-46)/(-11). Calculate i(t).
-3
Let i(o) = -o - 5. Suppose 5*p - 2*p + 21 = 0. Let c be i(p). Let m(k) = -6*k**c + 6*k**2 + k - 2 - k**3. Calculate m(0).
-2
Let n(p) = -p**3 + 12*p**2 - 11*p + 1. Let k be n(11). Let b(i) = -9*i**2 + i - 1. Give b(k).
-9
Let m(r) = r + 0*r - 2 + 4. Let z(j) = j + 8. Let f be z(-6). Let q be 3 + f + -5 + -2. Calculate m(q).
0
Let o(s) = -s**2 + 4*s + 1. Let m = 22 - 18. What is o(m)?
1
Let h(t) = -t**3 - 7*t**2 - 7*t - 1. Suppose -2*z + 6 = -6. Let k = z - 12. Calculate h(k).
5
Let s = -14 - -14. Suppose 4*h + 0*h + 5*v - 30 = s, -18 = -4*h + v. Let t(b) be the third derivative of -b**6/120 + b**5/12 + 7*b**3/6 + b**2. What is t(h)?
7
Let l(u) = -5*u + 4. Let y(r) = -14*r + 11. Let v(h) = 11*l(h) - 4*y(h). Let x(m) = m + 5. Let o be x(-5). Suppose o = -4*n - 2 + 6. Give v(n).
1
Let h(w) = w**2 - 6*w + 1. Let o be (15/(-12) - -1)*-16. What is h(o)?
-7
Let b(c) be the third derivative of -c**8/10080 + c**7/5040 - c**5/60 + 3*c**2. Let h(l) be the third derivative of b(l). What is h(2)?
-6
Let w(g) = 4*g**2 - 5*g**2 - 1 - 2*g**2 - 3*g - g**3. What is w(-3)?
8
Suppose -4*s = l - 26, 0 = -4*l + 6*s - s + 188. Let q be 37/7 + (-12)/l. Let t(x) be the third derivative of -x**5/60 + x**4/6 + x**3 + x**2. What is t(q)?
1
Let a(u) be the second derivative of 0*u**2 + 3*u + 0 + 1/12*u**4 + 0*u**3 - 1/120*u**5 + 1/240*u**6. Let h(p) be the third derivative of a(p). Calculate h(-1).
-4
Let u be 4/6 - (-8)/6. Suppose 3*r - 7*r - 5*h + 2 = 0, 16 = 4*r - 2*h. Suppose 5*q + u = r*q. Let l(g) = -4*g**2 - 2*g - 1. What is l(q)?
-3
Let a(u) = 18*u**2 - 5*u + 20*u**2 - 39*u**2 + 2. What is a(-5)?
2
Let p(g) = 4*g**2 + 5*g + 4. Let t be p(-2). Let i(h) = -t - 7*h + 4 + 0*h - h**2. Calculate i(-6).
0
Let w(t) be the first derivative of -3*t**2/2 - 4*t - 1. Let s(g) = g + 1. Let b(n) = -2*s(n) - w(n). What is b(2)?
4
Suppose 4*r = r + 6. Suppose 0*n - 8 = r*n. Let s(t) = t**2 + 2*t - 3. What is s(n)?
5
Let o(b) = -2*b**2 - 5*b - 2. Let y be 2 + (-6)/(2 + -5). Suppose -2*k - k + 3 = y*q, -5*q = -5*k + 40. Determine o(q).
-5
Let l(h) = -3*h**3 - 4*h**2 - 3*h - 3. Let n(j) = -4*j**3 - 4*j**2 - 4*j - 4. Let t(c) = 5*l(c) - 4*n(c). Let a = -21 + 21. Suppose -p + 9 - 6 = a. Give t(p).
-5
Let n(o) = o**2 - 1. Let y be n(-1). Let m(w) = -w**3 - w**2 + 3. Let d be m(y). Let r(j) = -4*j - d*j + 4 - 3 - 6*j**3 + 5*j. Calculate r(1).
-7
Let m(w) = 4*w**2. Suppose -17 = -2*h - k, h - 3*h + 20 = 2*k. Let q = h + -3. Suppose q*y = z - 2, 2*z - 12 = 2*y + 7*z. Determine m(y).
4
Let q(v) = 4*v**3 + 21*v**2 - 17*v + 12. Let d(u) = -u**3 - 5*u**2 + 4*u - 3. Let j(x) = 9*d(x) + 2*q(x). What is j(-4)?
5
Let i(g) = -g**2 + 5*g - 3. Let z = -1 + -4. Let a(r) be the third derivative of r**6/120 + r**5/12 + 5*r**3/6 + 2*r**2. Let u be a(z). Calculate i(u).
-3
Let h(w) = 2*w**3 - 2*w**2 + 2*w + 2. Let k(j) be the second derivative of -j**5/20 + j**4/12 - j**2/2 - 4*j. Let s(y) = -h(y) - 3*k(y). Calculate s(-2).
-7
Let n(f) be the second derivative of f**3/3 + 3*f**2 + 3*f. Let c = 0 + 16. Suppose -3*m = -7*m - c. Give n(m).
-2
Suppose 3 = 5*f - 7. Let t(n) be the third derivative of -n**6/240 - n**5/120 - n**4/12 - n**2. Let b(k) be the second derivative of t(k). Calculate b(f).
-7
Let a be (-3 - 0)*2/(-3). Let s(j) be the first derivative of j**2 - 2*j - 99. Give s(a).
2
Let l(m) = m**2 + 4. Let r(z) = -3*z**2 - 13. Let c(f) = -f**3 + 6*f**2 + 6*f + 9. Let t be c(7). Let q(s) = t*r(s) + 7*l(s). What is q(2)?
6
Let j(n) be the second derivative of -5/12*n**4 + 2/3*n**3 + n - 3/2*n**2 + 0 + 1/20*n**5. What is j(4)?
-3
Let h(s) = -3*s + 2*s - 7 + s**3 + 0*s**2 - 5*s**2 + 3*s. Let b be h(5). Let p(g) = -g + 50*g**2 - g**b - 2*g**3 - 51*g**2. Determine p(-1).
3
Let d(r) = -r**2 + 6*r + 9. Suppose 3*a - 6 = 3*b, 2*a + 31 = 5*a + 2*b. Let f be d(a). Let g(y) = -3*y - 3*y + f + 3*y + 6*y. Determine g(-4).
-10
Let v(s) = -2*s + 4. Let o(g) = g**3 - g**2 + g + 4. Let h be o(0). What is v(h)?
-4
Let b(w) be the first deriva